 2/(-1*2) - -203. Suppose 0 = 2*w - 6399 + 6611. Let s = w + r. What are the prime factors of s?
2, 3
Suppose -4*v = -2*u + 203 - 1629, 5*v - 3*u = 1782. Let a = -184 + v. What are the prime factors of a?
173
Let q(u) = 8*u - 51. Let b(v) = -v**3 + 11*v**2 - v + 21. Let h(c) = 5*c - 34. Let m be h(9). Let r be b(m). What are the prime factors of q(r)?
29
Suppose 50470 = 5*d + 5*d + 17590. What are the prime factors of d?
2, 3, 137
Let g(b) = b**2 + 7*b + 9. Let z be g(-6). Let v = -188 - -192. Suppose -3*o - 632 = -v*d - o, -o = -z*d + 475. What are the prime factors of d?
3, 53
Let n = -621 - -648. List the prime factors of 8766/n + -12 + 1/3.
313
Let q be ((-6459)/6)/(14/(-28)). Let g = -943 + q. List the prime factors of g.
2, 5, 11
Let z(w) = 22 + 10 - 51 + 115*w + 15. What are the prime factors of z(6)?
2, 7
Let f(d) = 2*d**2 - 31*d + 12. Let q(h) = -h**3 + 10*h**2 - h + 26. Let a be q(10). List the prime factors of f(a).
2, 7
Let y(i) = 21*i**2 + 115*i - 10. List the prime factors of y(5).
2, 5, 109
Suppose -633019 - 718821 = -32*k. What are the prime factors of k?
5, 7, 17, 71
Suppose -72 + 70 = 2*s. List the prime factors of (-6)/8 - s - 19350/(-72).
269
Let b = -2197 - -3632. List the prime factors of b.
5, 7, 41
Let w(b) = b**3 + b**2 + 2*b. Let s(a) = -6*a**3 - 30*a**2 + 49*a - 64. Let n(z) = -s(z) - 5*w(z). What are the prime factors of n(-26)?
2, 461
Let d(v) = 3*v**3 + 7*v**2 + 38*v - 271. What are the prime factors of d(9)?
5, 113
Let r(y) = 17*y + 14. Let m be r(10). Suppose b + b = m. Let c = -44 + b. What are the prime factors of c?
2, 3
Let a = 631 - 631. Suppose -94*u + 88*u + 1026 = a. List the prime factors of u.
3, 19
Suppose -2*l = 75 - 13. Let n(b) = -39*b + 2. Let w be n(-1). Let k = l + w. What are the prime factors of k?
2, 5
Suppose -323 = y + 5*a, 799 + 477 = -4*y - 4*a. Let p = y - -707. List the prime factors of p.
389
Let x(r) = 5*r - 7. Let z be x(-3). Let l = -19 - z. Suppose 12 + 18 = 2*k + o, l*k = -o + 43. What are the prime factors of k?
13
Let n(a) = -351*a - 2435. List the prime factors of n(-7).
2, 11
Let p(k) = -2*k + 1. Let z(y) = 441*y - 18. Let r(o) = 6*p(o) + 2*z(o). List the prime factors of r(1).
2, 3, 5, 7
Let p(u) = 12*u**2 + 65*u + 2538. List the prime factors of p(-28).
2, 61, 83
Let o be 8/12 + 3 + (-115)/(-3). Let q be (-5 - o/(-10))*(1 + 4). List the prime factors of (-18)/q*(-368)/(-24).
3, 23
Let v(w) = 12*w**3 + w**2 - 1. Let p be v(1). Suppose -4*l + p = -2*n, 5*l + 30 = 10. What are the prime factors of (-1099)/n + 2/4?
79
Let i be (-44)/(-20) - (-8)/10. Suppose 4*h = i*w - 3319, -5*w + h + 5523 = 3*h. List the prime factors of w.
5, 13, 17
Let a(j) = -812*j + 1080. List the prime factors of a(-17).
2, 61
Suppose 4*k - 520 = -4*m + 124, m + 4*k = 155. Suppose 0 = 7*p - 187 - m. List the prime factors of p.
2, 5
Suppose 9*b + 8*b + 510 = 0. List the prime factors of 4/10 + (-8 - 35148/b).
2, 3, 97
Let j = 99 + -93. Suppose 11*f - 25 = j*f. Suppose 773 = f*r - 47. What are the prime factors of r?
2, 41
Let y = -325 - -307. List the prime factors of ((-4)/30*y)/(8/1140).
2, 3, 19
Let j(g) = -5*g**2 + 65*g - 5. Let h be j(13). List the prime factors of 2 + 1 + 1374 + h.
2, 7
Suppose -4*c + 5*x = -160286, 155*c - 120186 = 152*c - x. What are the prime factors of c?
2, 313
Suppose 4*c + 6*f = 11*f + 39474, 5*c - 2*f = 49334. What are the prime factors of c?
2, 4933
List the prime factors of -7 + (208/(-520) + 4802/30)*60.
3, 3191
Let w(y) = 5*y**2 - 5*y + 6. Let t be w(1). What are the prime factors of 10 + -2*(-3)/t?
11
Let g = -40 + 40. Suppose g = -d + 7*d - 2094. List the prime factors of d.
349
Suppose 906 = 5*l - 3*v, 2*l - 358 = -0*l - v. Let u be 1/(-2*(-2)/44). Suppose u*n + n = l. List the prime factors of n.
3, 5
Let t(y) = 3*y - 39. Let g be t(13). Suppose -5*c - 5*k + 8 = -4*c, 4*c + k + 6 = g. What are the prime factors of 111 - -3*c/2?
2, 3
What are the prime factors of (-145170)/(-9) - (-15)/((-5)/1)?
16127
Let a be (-10)/(-25)*(-90)/(-12). Suppose 3073 = 4*q + a*q. What are the prime factors of q?
439
Let n(k) = 41*k**2 - 18*k + 69. List the prime factors of n(-13).
2, 113
Let h be (28/(-24))/(-7) - (-175)/30. What are the prime factors of (-2 + 1)/(h/(-2136))?
2, 89
Suppose -6328 = -3*o + 6863. What are the prime factors of o?
4397
Let d = -3091 - -4508. Let b = d - 834. Suppose -8*c - 3*c = -b. List the prime factors of c.
53
Let n be 1*(1 - (1 + -2)*-1). Suppose 0 = -3*r + x + 3*x - 6, n = 3*r - 5*x + 9. Suppose 2*l - r*a = 3*a + 231, 114 = l - 4*a. List the prime factors of l.
2, 59
Let g = -691 + 685. Suppose 0*v - v = -2. What are the prime factors of (12 + g/v)*2?
2, 3
Let a(z) = 22695*z - 2788. What are the prime factors of a(2)?
2, 7, 17, 179
Suppose 4*p - 4 = 2*p. Suppose p + 6 = 4*d. Suppose 3*n = d*b + 44, -b - 19 = -n + 4*b. What are the prime factors of n?
2, 7
Let p(j) = -7*j - 29. Let d = 51 - 42. Let v be p(d). Let s = -23 - v. List the prime factors of s.
3, 23
Let c = -111 + 263. Let n = c + -77. List the prime factors of n.
3, 5
Suppose -3*z - 4487 = -4*y, 3*y + 131*z = 127*z + 3334. What are the prime factors of y?
2, 13, 43
Let x = -14732 + 21342. List the prime factors of x.
2, 5, 661
Suppose 4*l - 18 = -i, -4*l + 4 = 4*i - 5*l. Suppose i*g = 5*c - 79 - 151, -c + 2*g = -46. Suppose 0 = -c*j + 41*j + 395. List the prime factors of j.
79
Let f(z) = -20*z + 4 + 13*z - 2 - z**2 + 3. Let g be f(-7). Suppose 5*a = 3*h - 11, -6*h + 2*h + 13 = -g*a. What are the prime factors of h?
2
Suppose -145 = -5*t + 5*n, 3 - 8 = 5*n. Let q be 128/t + 9/21. Suppose -s + q*s = 116. List the prime factors of s.
29
Let z be -52*5/(-70) + 4/14. Suppose 20 - 1 = 5*t + z*b, -13 = -3*t - 2*b. Suppose 0 = -s - t*s + 96. What are the prime factors of s?
2, 3
Let s(r) be the third derivative of -r**6/120 - r**5/30 - 11*r**4/24 - r**3/2 - 5*r**2. Let j be s(-5). Suppose 5*m - 83 = j. List the prime factors of m.
2, 3, 7
Let f = -92278 + 134996. What are the prime factors of f?
2, 13, 31, 53
Let m = 19576 + -2628. What are the prime factors of m?
2, 19, 223
Suppose 3*g + 6 = 3. What are the prime factors of 1/15*35*(71 - g)?
2, 3, 7
Let i be 20/(-8)*-2*(2 + -1). Suppose 0 = -5*y + c + 4*c + i, -2*y + 4*c - 4 = 0. Suppose -4*x - x - 3*g = -55, 0 = y*g + 20. List the prime factors of x.
2, 7
Suppose -212*y + 223*y - 98384 = 0. What are the prime factors of y?
2, 13, 43
List the prime factors of ((-4)/30)/(-1) + (-35485184)/(-1920).
2, 9241
List the prime factors of 5038311/2829 + 2/41.
13, 137
Let u be (18 + -1)/(-1 - (2 + -2)). List the prime factors of (-3 + 132)*(-10 - u).
3, 7, 43
Let y be 1504/(-28) - (9/7 + -1). Let g = y - -57. Suppose -g*s = p - 154, 2*p - 93 = -3*s + 62. What are the prime factors of s?
3, 17
Let a be -2*((-1)/(-5) + (-378)/140). Suppose 7626 = 4*g - f, -33*g - a*f - 7634 = -37*g. List the prime factors of g.
2, 953
Let t be (-2)/(-10) - 255/25. Let l(j) be the first derivative of -4*j**2 - 15*j - 79. List the prime factors of l(t).
5, 13
Suppose 10 = 2*u, 0 = -2*k - u - 0*u - 13. List the prime factors of -58*(-28 + (-5)/15*k).
2, 5, 29
Let d(m) = 7*m + 157. Let f be d(-22). Suppose 4677 - 261 = f*l + 4*t, 3*l + t = 4425. List the prime factors of l.
2, 3, 41
Suppose -6*k = 24*k - 9540. Let p = k - 199. What are the prime factors of p?
7, 17
Suppose -6*g - 147 - 51 = 0. Let f = 103 + g. List the prime factors of f - 1 - (-2 - -2)*-1.
3, 23
Let b(z) = -319*z - 4817. List the prime factors of b(-157).
2, 13, 1741
Suppose -30*r - 266 = -68*r. Let k(v) = v**3 - 3*v - 7*v**2 + 12*v + 0*v**3. What are the prime factors of k(r)?
3, 7
Let p(t) = -15*t**2 + 4. Let g be p(3). What are the prime factors of (g/2)/((-3)/12)?
2, 131
Let c be 517/2 - 12/(-8). Let s = c + -93. Suppose -6*m = -127 - s. What are the prime factors of m?
7
Let c = 526 - 285. Let z = c - 31. List the prime factors of z.
2, 3, 5, 7
Let d = 9 - 198. Let t = d - -244. What are the prime factors of t?
5, 11
Let w(p) = p**3 + 18*p**2 + 21*p - 8. Suppose 80 + 32 = -8*r. List the prime factors of w(r).
2, 241
Let s(u) = 11*u**2 - 7*u + 13*u**2 + 2*u**3 - 10*u + 0*u**3 + 7*u**2 + 4. List the prime factors of s(-15).
2, 11
Suppose -6*w = -3*w - 9. Let k be w + -1 - (2 - -107). List the prime factor